e -2*o + 22 = 4*h, -6*o + o = -2*h - 7. Let i(p) = p + 1. What is i(h)?
5
Let w(i) = i**2 + i - 2. Suppose 3*v - 27 = -0*v. Let z be (-10)/45 - (-2)/v. Calculate w(z).
-2
Let f(w) be the third derivative of -w**2 - 1/8*w**4 + 0 - 2/3*w**3 + 0*w. Let q = -76 + 72. Determine f(q).
8
Suppose -2*l + 30 = -8*l. Let n(g) be the second derivative of -1/20*g**5 + 5/6*g**3 + g + 0 - 1/2*g**2 - 1/3*g**4. Determine n(l).
-1
Let z(k) = 34*k**2 - 3*k - 2. Let s(p) = 17*p**2 - p - 1. Let l(x) = -7*s(x) + 3*z(x). Calculate l(1).
-18
Let p(b) = -15*b**3 - b**2 - b. Let d(v) = -30*v**3 - 3*v**2 - 2*v. Let g(i) = 2*d(i) - 5*p(i). Give g(1).
15
Let z(q) = -16*q - 4 + 18*q + 4. Calculate z(4).
8
Suppose 1 = -3*p - 2. Let g(t) = t**2 + 9*t - 11. Let v be g(-10). Let m(h) = 2*h + 2. Let x(i) = -i**2 + 1. Let z(j) = v*x(j) + m(j). Give z(p).
0
Suppose 5*s + 1 = 46. Let h(m) = -8 + 7*m + s - 4*m. Give h(1).
4
Let p(r) = r**3 + 4*r**2 - 5*r - 1. Suppose 0 = 5*k + 4*a + 33, -7 = -0*k + k + a. Give p(k).
-1
Let q(w) = -w**3 + 3*w**2 + 4*w + 1. Let a(k) = k**3 - 5*k**2 - 5*k + 1. Let t be a(6). Suppose -4*d = -5*j + 16, 4*d + 3 - t = 0. Calculate q(j).
1
Let o = 3 - 14. Let w = 1 - o. Suppose 0 = -5*a - 8 - w. Let p(j) = -j - 9. Give p(a).
-5
Let u(z) be the first derivative of z**4/4 + z**3 + z**2/2 + 2*z + 7. Let g be 0 + (0 - (0 + -2)). Let j be (g + -1)/((-3)/9). What is u(j)?
-1
Let d(y) be the second derivative of 2*y**3/3 + y**2/2 + 41*y. Suppose 0*g + 3 = -g. Determine d(g).
-11
Let t(s) = 3*s**2 - 473 + 473 + 8*s - 2*s**2. Give t(-8).
0
Let s(n) = -n**2 + 7*n - 7. Suppose -24 = -4*p + 40. Suppose -3*a + p - 1 = 0. Calculate s(a).
3
Let y(d) be the third derivative of d**4/4 + d**3/2 + 28*d**2. What is y(-2)?
-9
Let g(m) be the second derivative of m**7/2520 + m**6/144 + m**5/20 - m**4/6 + m. Let o(j) be the third derivative of g(j). Determine o(-4).
2
Let z(q) = q**2 - 2*q - 5. Let v be ((-4)/(-12))/((-2)/(-6)). Suppose -v = -3*y - 25. Let g be (-30)/y - (-1)/4. What is z(g)?
3
Suppose -4*y + 2*n = 2, -4*y + 3*n + n = 12. Let g(d) = -6*d**y - 5 + 7*d**2 - 2*d - 3*d. Let j be (-26)/(-6) + (-3)/9. What is g(j)?
-9
Let q(f) = -f + 3. Let w(d) = -3*d - 2. Let i be w(-2). Calculate q(i).
-1
Let a(y) = -y**3 - 3*y**2 - 1. Let x be a(-3). Let v(n) = n + 1. Let u be v(1). Let g be x + (-1)/(u/(-4)). Let t(q) = -q**2 - q + 1. What is t(g)?
-1
Let c(j) = 1 + j + 2 + 1. What is c(-3)?
1
Suppose -3*o - 12 = 5*b - 2*b, 3*o = 4*b - 26. Let p be (-3)/1 + o/(-3). Let j = -3 - p. Let l(q) = 2*q**2 - 1. What is l(j)?
7
Let y(j) = -j**3 - 4*j**2 + 4*j + 2. Let p = 9 + -4. Suppose g + 4 = p*g, -o - 4 = -5*g. Let c(a) = -6*a**2 + 1. Let l be c(o). Calculate y(l).
7
Let m(s) be the first derivative of -s**4/4 - 6*s + 1. Calculate m(0).
-6
Let y(p) = 9 - 2 + p + 0 + 0. Let v = -1 - -1. Suppose v = -b - 2*b. What is y(b)?
7
Let h(i) = -i**3 + 5*i**2 + 9*i - 3. Suppose -4 = b - 2*v, -3*b + 3 = -v - 2*v. What is h(b)?
15
Let s = 22 - 22. Suppose 3*j - 5*j + 2 = -h, s = h - 3*j + 5. Let b(o) = o**2 - 7*o + 5. Determine b(h).
-7
Suppose 3*t - 2*t - 4 = 0. Let m(g) = -3*g + 0*g - t*g. Calculate m(-1).
7
Let q(y) = y**3 - 2*y**2 - 3*y - 3. Let z = -2 - -5. Give q(z).
-3
Let u(i) = -i - 3 + 4 - 3. Let y(k) = -k**2 - 7*k + 2. Suppose 5*v = 0, 3*p + 7 = 2*p - 3*v. Let f be y(p). Give u(f).
-4
Let g(t) = 2*t + 1. Let f = 2 - 1. Let b be (f + -3 + 2)/(-1). Suppose b = -2*q + 3*q + 2. Give g(q).
-3
Suppose 2*y + 0*y - 30 = 5*f, 0 = -3*f. Let k(v) = -y + 5 + 14*v - 13*v. What is k(0)?
-10
Let r(q) = 9*q**3 + q**2 + q. Let z = -145 + 144. Calculate r(z).
-9
Let c = -3 + 6. Let j(k) = 2*k + 0 - c*k - 3. Suppose 5*l - 1 + 16 = 0. What is j(l)?
0
Let u(h) = h**3 - 6*h**2 - 3*h. Let x(b) = b**2 + b. Let r(q) = -u(q) - 5*x(q). Let j(w) = -8 - 5 + 2 - w**2 - 3*w + 13. Let i be j(-3). Determine r(i).
-8
Let i(c) = -5*c**2 + 3*c - 4. Let x(y) = -y**2 + y. Let r(w) = w - 11. Let z be r(10). Let n(u) = z*i(u) + 4*x(u). Give n(0).
4
Let q(s) = -s**2 + s + 1. Let i(n) = n**3 - 9*n**2 + 7*n + 4. Let d(g) = i(g) - 5*q(g). Give d(4).
7
Let f be 2*2*((-10)/5 + 3). Suppose -q + 2*q = -3*j - 4, -20 = -4*j + 5*q. Let c be 1/(-2)*j - f. Let h(u) = -u**3 - 4*u**2 + 2*u + 3. Calculate h(c).
-5
Let f be 1 - -2*(1 + -2). Let x = 2 - f. Let n(r) be the second derivative of -r**4/12 + 2*r**3/3 - r**2 - 3*r. Give n(x).
1
Let y = -4 - -3. Let o(g) = 5*g**2 + 6*g + 1. Let c(l) = -l**2 + l. Let z(q) = -4*c(q) + o(q). Determine z(y).
8
Let v(n) be the second derivative of -n**6/360 - n**5/120 + n**3/3 + 2*n. Let m(w) be the second derivative of v(w). Give m(1).
-2
Let d(k) = 5*k**3 - k**2 - 2*k + 6. Let c(l) = 11*l**3 - l**2 - 3*l + 12. Let a = -7 + 11. Let x(m) = a*c(m) - 9*d(m). Give x(6).
-6
Let u(h) = -2*h - 7. Let o = 2 - -2. Let m be (-2 + o)/((-4)/(-26)). Let v be m/(-2) - 3/(-2). Calculate u(v).
3
Let a(c) = -2*c**3 + 17*c**2 - 9*c - 11. Let b(z) = z**3 - 9*z**2 + 5*z + 6. Let k(y) = -4*a(y) - 7*b(y). Give k(5).
7
Suppose 2*t + 5 = 3*a + 13, -a = -3*t - 2. Let d be 6/4 - 3/(-2). Let m(o) = 3 - d - 6 - 3*o. What is m(a)?
6
Let b(s) = -2*s. Let g = 2 - -5. Let f(n) = -5*n - 1. Let a(w) = -3*w. Let i(t) = 7*a(t) - 4*f(t). Let c be i(g). What is b(c)?
6
Let t(k) = k**3 + 5*k**2 + 6*k + 6. Let l(m) be the third derivative of m**6/120 - m**5/15 - 7*m**4/24 + m**3 - 2*m**2. Let x be l(5). Calculate t(x).
-2
Let z(u) be the second derivative of u**4/12 + u**3 + 2*u. Let c be 2/(-1) + (-1 - 1). Calculate z(c).
-8
Let v(d) be the first derivative of -d**3/3 + 4*d + 1. Let i = -10 + 14. Let a = -4 + i. What is v(a)?
4
Let s(d) = -d. Let t(v) = -v**3 + 4*v**2 + 3*v - 1. Let g(f) = 1. Let z(j) = 5*g(j) + t(j). Let p be z(5). Determine s(p).
6
Suppose -2*x + 46 = 5*q, 3*x = 8*x + 2*q - 73. Let s(m) = -m**2 + 13*m - 4. Calculate s(x).
-4
Let c be (-40)/12*1/((-2)/(-6)). Let o(q) = -q - 6. Determine o(c).
4
Let u(c) = -2*c**2 - 8*c + 5. Let b be u(-5). Let d(h) = h**3 + 6*h**2 + 6*h - 7. What is d(b)?
-12
Let j(g) = -g**3 + 3*g**2 - g + 4. Let b be 6/5*5/2. Let i be -5*(-4 - 3/(-1)). Suppose -x - 4*w = 2*x - 9, x = -i*w + b. What is j(x)?
1
Suppose l = -2*l + 6. Suppose h = 2*n, l*n - 13 = 5*h + 5*n. Let v(i) = -i**3 - 2*i**2. Calculate v(h).
0
Let z(k) be the first derivative of -1 + 0*k**2 + 1/4*k**4 + 9*k - 1/3*k**3. Suppose t = 5*t. Give z(t).
9
Suppose 2*w + 4*k = -6, -21 = -3*w - 0*k + 4*k. Let l(j) = -4 + 0*j + 4*j - 1. Let a(r) = -7*r + 9. Let g(s) = 3*a(s) + 5*l(s). Determine g(w).
-1
Let k(a) be the second derivative of a**4/12 + 2*a**3/3 + 3*a**2/2 - 7*a. What is k(-4)?
3
Let y(t) = -t**2 + 4*t - 1. Let l be y(2). Let q(i) = -2*i. Calculate q(l).
-6
Let m(c) = 2*c**2 + 2*c - 4. Suppose 5*d - d - 20 = 0. Suppose 23 = -6*w + d. Calculate m(w).
8
Let i(p) = -8*p**3 + 7*p**2 + p - 5. Let z(f) = 7*f**3 - 6*f**2 - f + 4. Let l(q) = -4*i(q) - 5*z(q). Give l(-1).
4
Let i(d) = 10*d + 5. Let x(c) = -9*c - 4. Let b(w) = 4*i(w) + 5*x(w). What is b(3)?
-15
Let l(a) = a**3 - 8*a**2 + 7*a. Suppose -4*s - s = -35. Calculate l(s).
0
Let f(n) be the third derivative of n**4/12 + n**3/2 + 8*n**2. What is f(-6)?
-9
Suppose h + 0 = 2. Let w(u) = u. Let s be w(h). Let m(o) = 0 - 3 - 4*o + 2. Calculate m(s).
-9
Let a = -33 + 19. Let t = a - -9. Let b(n) = n**2 + 5*n + 5. What is b(t)?
5
Let s(x) be the third derivative of -7*x**6/120 + x**5/60 - x**4/24 + x**3/6 - 6*x**2. What is s(1)?
-6
Let v = 27 - 23. Let r(u) = u**2 - 2*u. Determine r(v).
8
Suppose 4*v - i - 34 = 2*i, -2*i + 17 = 3*v. Suppose -v = -3*s + 5. Let m(q) = -6 + 1 + 1 + 2*q. Determine m(s).
4
Let t(z) = 7*z**2 + 5*z**3 + 1 - 2*z**3 - 2*z**3 + 8*z. Calculate t(-6).
-11
Let s(c) = 11 + 0*c - c - 4 - c. Determine s(6).
-5
Let b(y) = y**2 - 2 + 0 + 7*y**2 - 5*y - 7*y**2. Suppose 0*g + 13 = -d + 4*g, 5*d + g = 19. Calculate b(d).
-8
Let f(i) = -i + 1. Suppose 4*p + 52 = 180. Let r = p - 23. Let s be 6/r*3/2. Calculate f(s).
0
Let k = 1 + 0. Let u(r) = r**3 - 2*r**2 - r - 1. Let f(v) = -6*v**3 + 3*v**2 + 2*v + 2. Let c(m) = -f(m) - 2*u(m). Give c(k).
5
Let m(v) = 2*v**3 - 2*v**2 + 1. Let x be m(2). Let j = 113 - x. Let b be j/(-20) + 2/10. Let a(r) = r**3 + 6*r**2 + 6*r + 4. Determine a(b).
-1
Suppose 0 = -h - 4*h. Suppose -2*k + h = -6. Let q(u) = -2*u + 1. Give q(k).
-5
Let n be (4 